{"id":59,"date":"2020-03-08T20:27:14","date_gmt":"2020-03-08T19:27:14","guid":{"rendered":"https:\/\/gabinetpsychologicznykrakow.pl\/?page_id=59"},"modified":"2020-11-07T13:51:08","modified_gmt":"2020-11-07T12:51:08","slug":"formy-pomocy","status":"publish","type":"page","link":"https:\/\/gabinetpsychologicznykrakow.pl\/?page_id=59","title":{"rendered":"Formy pomocy"},"content":{"rendered":"\n\n\n<div class=\"wp-block-media-text alignwide is-stacked-on-mobile is-image-fill\" style=\"grid-template-columns:38% auto\"><figure class=\"wp-block-media-text__media\" style=\"background-image:url(https:\/\/gabinetpsychologicznykrakow.pl\/wp-content\/uploads\/2020\/03\/apple-3341245_1920-1024x683.jpg);background-position:50% 50%\"><img fetchpriority=\"high\" decoding=\"async\" width=\"1024\" height=\"683\" src=\"https:\/\/gabinetpsychologicznykrakow.pl\/wp-content\/uploads\/2020\/03\/apple-3341245_1920-1024x683.jpg\" alt=\"\" class=\"wp-image-46\"\/><\/figure><div class=\"wp-block-media-text__content\">\n<p><strong>Psychoterapia indywidualna<\/strong> &#8211; jest metod\u0105 leczenia w formie dialogu pomi\u0119dzy pacjentem a terapeut\u0105, prowadz\u0105c\u0105 do poprawy zdrowia, samopoczucia, funkcjonowania, a tak\u017ce relacji z innymi oraz lepszego rozumienia siebie, swoich problem\u00f3w i czynnik\u00f3w je wywo\u0142uj\u0105cych. Rozpocz\u0119cie psychoterapii zawsze poprzedzone jest konsultacjami wst\u0119pnymi, a nast\u0119pnie zawarciem kontraktu terapeutycznego. <br>Czas trwania psychoterapii uzale\u017cniony jest przede wszystkim od charakteru trudno\u015bci, z jakimi zg\u0142asza si\u0119 konkretna osoba, warto jednak pami\u0119ta\u0107, i\u017c jest to proces, kt\u00f3ry je\u015bli ma powodowa\u0107 trwa\u0142e efekty i uruchomi\u0107 motywacj\u0119 do zmiany nie mo\u017ce zako\u0144czy\u0107 si\u0119 po kilku spotkaniach.<\/p>\n<\/div><\/div>\n\n\n\n\n\n<p><strong>Porada psychologiczna<\/strong> &#8211; zazwyczaj jednorazowe spotkanie o charakterze interwencyjnym (je\u015bli zg\u0142aszany problem daje takie mo\u017cliwo\u015bci).<br>Obejmuje r\u00f3wnie\u017c wsparcie psychologiczne w sytuacjach kryzysowych.<\/p>\n\n\n<p><\/p>\n\n\n<p><strong>Konsultacja psychologiczna<\/strong> &#8211; zazwyczaj jedno do trzech spotka\u0144 s\u0142u\u017c\u0105ce zorientowaniu si\u0119 w aktualnej sytuacji danej osoby oraz maj\u0105ce za zadanie wyszukanie optymalnej propozycji dalszych dzia\u0142a\u0144, pomocy lub leczenia. Mo\u017ce r\u00f3wnie\u017c obejmowa\u0107 og\u00f3ln\u0105 analiz\u0119 aktualnego funkcjonowania osoby w kontek\u015bcie pojawiaj\u0105cych si\u0119 trudno\u015bci.<\/p>\n\n\n<p><\/p>\n\n\n<p><strong>Diagnoza psychologiczna<\/strong> &#8211; dzia\u0142ania s\u0142u\u017c\u0105ce ocenie psychologicznej oraz opisowi psychospo\u0142ecznego funkcjonowania osoby. Mo\u017ce obejmowa\u0107 ca\u0142o\u015bciow\u0105 ocen\u0119 funkcjonowania lub dotyczy\u0107 jedynie jego wybranych aspekt\u00f3w, np. osobowo\u015bci, funkcjonowania intelektualnego, funkcji poznawczych, zaburze\u0144 neuropsychologicznych itd. Zazwyczaj badanie psychologiczne wykonywane jest ze wskaza\u0144 lekarza lub na potrzeby MOPS, ZUS albo Powiatowego Zespo\u0142u Orzekania o Niepe\u0142nosprawno\u015bci. Na podstawie przeprowadzonej diagnozy mo\u017cliwe jest sporz\u0105dzenie opinii psychologicznej.<\/p>\n\n\n<p><\/p>","protected":false},"excerpt":{"rendered":"<p>Psychoterapia indywidualna &#8211; jest metod\u0105 leczenia w formie dialogu pomi\u0119dzy pacjentem a terapeut\u0105, prowadz\u0105c\u0105 do poprawy zdrowia, samopoczucia, funkcjonowania, a tak\u017ce relacji z innymi oraz lepszego rozumienia siebie, swoich problem\u00f3w i czynnik\u00f3w je wywo\u0142uj\u0105cych. Rozpocz\u0119cie psychoterapii zawsze poprzedzone jest konsultacjami wst\u0119pnymi, a nast\u0119pnie zawarciem kontraktu terapeutycznego. Czas trwania psychoterapii uzale\u017cniony jest przede wszystkim od charakteru &hellip; <\/p>\n<p class=\"link-more\"><a href=\"https:\/\/gabinetpsychologicznykrakow.pl\/?page_id=59\" class=\"more-link\">Czytaj dalej<span class=\"screen-reader-text\"> Formy pomocy<\/span><\/a><\/p>\n","protected":false},"author":1,"featured_media":0,"parent":0,"menu_order":0,"comment_status":"closed","ping_status":"closed","template":"","meta":{"footnotes":""},"class_list":["post-59","page","type-page","status-publish","hentry"],"yoast_head":"<!-- This site is optimized with the Yoast SEO plugin v27.5 - https:\/\/yoast.com\/product\/yoast-seo-wordpress\/ -->\n<title>Formy pomocy - Magdalena Chodak<\/title>\n<meta name=\"robots\" content=\"index, follow, max-snippet:-1, max-image-preview:large, max-video-preview:-1\" \/>\n<link rel=\"canonical\" href=\"https:\/\/gabinetpsychologicznykrakow.pl\/?page_id=59\" \/>\n<meta property=\"og:locale\" content=\"pl_PL\" \/>\n<meta property=\"og:type\" content=\"article\" \/>\n<meta property=\"og:title\" content=\"Formy pomocy - Magdalena Chodak\" \/>\n<meta property=\"og:description\" content=\"Psychoterapia indywidualna &#8211; jest metod\u0105 leczenia w formie dialogu pomi\u0119dzy pacjentem a terapeut\u0105, prowadz\u0105c\u0105 do poprawy zdrowia, samopoczucia, funkcjonowania, a tak\u017ce relacji z innymi oraz lepszego rozumienia siebie, swoich problem\u00f3w i czynnik\u00f3w je wywo\u0142uj\u0105cych. Rozpocz\u0119cie psychoterapii zawsze poprzedzone jest konsultacjami wst\u0119pnymi, a nast\u0119pnie zawarciem kontraktu terapeutycznego. Czas trwania psychoterapii uzale\u017cniony jest przede wszystkim od charakteru &hellip; Czytaj dalej Formy pomocy\" \/>\n<meta property=\"og:url\" content=\"https:\/\/gabinetpsychologicznykrakow.pl\/?page_id=59\" \/>\n<meta property=\"og:site_name\" content=\"Magdalena Chodak\" \/>\n<meta property=\"article:modified_time\" content=\"2020-11-07T12:51:08+00:00\" \/>\n<meta property=\"og:image\" content=\"https:\/\/gabinetpsychologicznykrakow.pl\/wp-content\/uploads\/2020\/03\/apple-3341245_1920-1024x683.jpg\" \/>\n<meta name=\"twitter:card\" content=\"summary_large_image\" \/>\n<meta name=\"twitter:label1\" content=\"Szacowany czas czytania\" \/>\n\t<meta name=\"twitter:data1\" content=\"1 minuta\" \/>\n<script type=\"application\/ld+json\" class=\"yoast-schema-graph\">{\"@context\":\"https:\\\/\\\/schema.org\",\"@graph\":[{\"@type\":\"WebPage\",\"@id\":\"https:\\\/\\\/gabinetpsychologicznykrakow.pl\\\/?page_id=59\",\"url\":\"https:\\\/\\\/gabinetpsychologicznykrakow.pl\\\/?page_id=59\",\"name\":\"Formy pomocy - Magdalena Chodak\",\"isPartOf\":{\"@id\":\"https:\\\/\\\/gabinetpsychologicznykrakow.pl\\\/#website\"},\"primaryImageOfPage\":{\"@id\":\"https:\\\/\\\/gabinetpsychologicznykrakow.pl\\\/?page_id=59#primaryimage\"},\"image\":{\"@id\":\"https:\\\/\\\/gabinetpsychologicznykrakow.pl\\\/?page_id=59#primaryimage\"},\"thumbnailUrl\":\"https:\\\/\\\/gabinetpsychologicznykrakow.pl\\\/wp-content\\\/uploads\\\/2020\\\/03\\\/apple-3341245_1920-1024x683.jpg\",\"datePublished\":\"2020-03-08T19:27:14+00:00\",\"dateModified\":\"2020-11-07T12:51:08+00:00\",\"breadcrumb\":{\"@id\":\"https:\\\/\\\/gabinetpsychologicznykrakow.pl\\\/?page_id=59#breadcrumb\"},\"inLanguage\":\"pl-PL\",\"potentialAction\":[{\"@type\":\"ReadAction\",\"target\":[\"https:\\\/\\\/gabinetpsychologicznykrakow.pl\\\/?page_id=59\"]}]},{\"@type\":\"ImageObject\",\"inLanguage\":\"pl-PL\",\"@id\":\"https:\\\/\\\/gabinetpsychologicznykrakow.pl\\\/?page_id=59#primaryimage\",\"url\":\"https:\\\/\\\/gabinetpsychologicznykrakow.pl\\\/wp-content\\\/uploads\\\/2020\\\/03\\\/apple-3341245_1920-1024x683.jpg\",\"contentUrl\":\"https:\\\/\\\/gabinetpsychologicznykrakow.pl\\\/wp-content\\\/uploads\\\/2020\\\/03\\\/apple-3341245_1920-1024x683.jpg\"},{\"@type\":\"BreadcrumbList\",\"@id\":\"https:\\\/\\\/gabinetpsychologicznykrakow.pl\\\/?page_id=59#breadcrumb\",\"itemListElement\":[{\"@type\":\"ListItem\",\"position\":1,\"name\":\"Strona g\u0142\u00f3wna\",\"item\":\"https:\\\/\\\/gabinetpsychologicznykrakow.pl\\\/\"},{\"@type\":\"ListItem\",\"position\":2,\"name\":\"Formy pomocy\"}]},{\"@type\":\"WebSite\",\"@id\":\"https:\\\/\\\/gabinetpsychologicznykrakow.pl\\\/#website\",\"url\":\"https:\\\/\\\/gabinetpsychologicznykrakow.pl\\\/\",\"name\":\"Magdalena Chodak\",\"description\":\"Gabinet psychologiczno-psychoterapeutyczny\",\"potentialAction\":[{\"@type\":\"SearchAction\",\"target\":{\"@type\":\"EntryPoint\",\"urlTemplate\":\"https:\\\/\\\/gabinetpsychologicznykrakow.pl\\\/?s={search_term_string}\"},\"query-input\":{\"@type\":\"PropertyValueSpecification\",\"valueRequired\":true,\"valueName\":\"search_term_string\"}}],\"inLanguage\":\"pl-PL\"}]}<\/script>\n<!-- \/ Yoast SEO plugin. -->","yoast_head_json":{"title":"Formy pomocy - Magdalena Chodak","robots":{"index":"index","follow":"follow","max-snippet":"max-snippet:-1","max-image-preview":"max-image-preview:large","max-video-preview":"max-video-preview:-1"},"canonical":"https:\/\/gabinetpsychologicznykrakow.pl\/?page_id=59","og_locale":"pl_PL","og_type":"article","og_title":"Formy pomocy - Magdalena Chodak","og_description":"Psychoterapia indywidualna &#8211; jest metod\u0105 leczenia w formie dialogu pomi\u0119dzy pacjentem a terapeut\u0105, prowadz\u0105c\u0105 do poprawy zdrowia, samopoczucia, funkcjonowania, a tak\u017ce relacji z innymi oraz lepszego rozumienia siebie, swoich problem\u00f3w i czynnik\u00f3w je wywo\u0142uj\u0105cych. Rozpocz\u0119cie psychoterapii zawsze poprzedzone jest konsultacjami wst\u0119pnymi, a nast\u0119pnie zawarciem kontraktu terapeutycznego. Czas trwania psychoterapii uzale\u017cniony jest przede wszystkim od charakteru &hellip; Czytaj dalej Formy pomocy","og_url":"https:\/\/gabinetpsychologicznykrakow.pl\/?page_id=59","og_site_name":"Magdalena Chodak","article_modified_time":"2020-11-07T12:51:08+00:00","og_image":[{"url":"https:\/\/gabinetpsychologicznykrakow.pl\/wp-content\/uploads\/2020\/03\/apple-3341245_1920-1024x683.jpg","type":"","width":"","height":""}],"twitter_card":"summary_large_image","twitter_misc":{"Szacowany czas czytania":"1 minuta"},"schema":{"@context":"https:\/\/schema.org","@graph":[{"@type":"WebPage","@id":"https:\/\/gabinetpsychologicznykrakow.pl\/?page_id=59","url":"https:\/\/gabinetpsychologicznykrakow.pl\/?page_id=59","name":"Formy pomocy - Magdalena Chodak","isPartOf":{"@id":"https:\/\/gabinetpsychologicznykrakow.pl\/#website"},"primaryImageOfPage":{"@id":"https:\/\/gabinetpsychologicznykrakow.pl\/?page_id=59#primaryimage"},"image":{"@id":"https:\/\/gabinetpsychologicznykrakow.pl\/?page_id=59#primaryimage"},"thumbnailUrl":"https:\/\/gabinetpsychologicznykrakow.pl\/wp-content\/uploads\/2020\/03\/apple-3341245_1920-1024x683.jpg","datePublished":"2020-03-08T19:27:14+00:00","dateModified":"2020-11-07T12:51:08+00:00","breadcrumb":{"@id":"https:\/\/gabinetpsychologicznykrakow.pl\/?page_id=59#breadcrumb"},"inLanguage":"pl-PL","potentialAction":[{"@type":"ReadAction","target":["https:\/\/gabinetpsychologicznykrakow.pl\/?page_id=59"]}]},{"@type":"ImageObject","inLanguage":"pl-PL","@id":"https:\/\/gabinetpsychologicznykrakow.pl\/?page_id=59#primaryimage","url":"https:\/\/gabinetpsychologicznykrakow.pl\/wp-content\/uploads\/2020\/03\/apple-3341245_1920-1024x683.jpg","contentUrl":"https:\/\/gabinetpsychologicznykrakow.pl\/wp-content\/uploads\/2020\/03\/apple-3341245_1920-1024x683.jpg"},{"@type":"BreadcrumbList","@id":"https:\/\/gabinetpsychologicznykrakow.pl\/?page_id=59#breadcrumb","itemListElement":[{"@type":"ListItem","position":1,"name":"Strona g\u0142\u00f3wna","item":"https:\/\/gabinetpsychologicznykrakow.pl\/"},{"@type":"ListItem","position":2,"name":"Formy pomocy"}]},{"@type":"WebSite","@id":"https:\/\/gabinetpsychologicznykrakow.pl\/#website","url":"https:\/\/gabinetpsychologicznykrakow.pl\/","name":"Magdalena Chodak","description":"Gabinet psychologiczno-psychoterapeutyczny","potentialAction":[{"@type":"SearchAction","target":{"@type":"EntryPoint","urlTemplate":"https:\/\/gabinetpsychologicznykrakow.pl\/?s={search_term_string}"},"query-input":{"@type":"PropertyValueSpecification","valueRequired":true,"valueName":"search_term_string"}}],"inLanguage":"pl-PL"}]}},"_links":{"self":[{"href":"https:\/\/gabinetpsychologicznykrakow.pl\/index.php?rest_route=\/wp\/v2\/pages\/59","targetHints":{"allow":["GET"]}}],"collection":[{"href":"https:\/\/gabinetpsychologicznykrakow.pl\/index.php?rest_route=\/wp\/v2\/pages"}],"about":[{"href":"https:\/\/gabinetpsychologicznykrakow.pl\/index.php?rest_route=\/wp\/v2\/types\/page"}],"author":[{"embeddable":true,"href":"https:\/\/gabinetpsychologicznykrakow.pl\/index.php?rest_route=\/wp\/v2\/users\/1"}],"replies":[{"embeddable":true,"href":"https:\/\/gabinetpsychologicznykrakow.pl\/index.php?rest_route=%2Fwp%2Fv2%2Fcomments&post=59"}],"version-history":[{"count":13,"href":"https:\/\/gabinetpsychologicznykrakow.pl\/index.php?rest_route=\/wp\/v2\/pages\/59\/revisions"}],"predecessor-version":[{"id":231,"href":"https:\/\/gabinetpsychologicznykrakow.pl\/index.php?rest_route=\/wp\/v2\/pages\/59\/revisions\/231"}],"wp:attachment":[{"href":"https:\/\/gabinetpsychologicznykrakow.pl\/index.php?rest_route=%2Fwp%2Fv2%2Fmedia&parent=59"}],"curies":[{"name":"wp","href":"https:\/\/api.w.org\/{rel}","templated":true}]}}